What is the highest common factor of 2175 and b?
29
Let s(j) = j**3 + 12*j**2 - 12*j + 25. Let y be s(-13). Let t be ((-341)/(-22) - y)*4/1. Calculate the greatest common divisor of t and 1246.
14
Let v(g) = 45*g - 9. Let m(a) = -224*a + 45. Let i(l) = 6*m(l) + 33*v(l). Let n be i(7). What is the greatest common factor of n and 15?
15
Suppose 2*g = -0*g + 22. Suppose -g + 41 = 3*k. Let p(b) = -3*b + 57. Let s be p(9). What is the highest common factor of k and s?
10
Let o be -22 + 16 - (8/14 - (-38340)/(-63)). What is the greatest common factor of 266 and o?
14
Suppose -m = m - 162. Let l be (-110)/(-40) + -3 - (-346)/8. Suppose -l*a - 270 = -53*a. Calculate the highest common divisor of a and m.
27
Let l be 235/((-2)/(-10)*(-195)/(-78)). What is the highest common factor of l and 10?
10
Suppose -3*x = -11*f + 9*f - 48, 0 = x - 13*f + 58. What is the greatest common factor of x and 1280?
20
Suppose -w + 554 = -2*a, -3*w + 1386 = -2*a - 3*a. Let n = 1050 + a. What is the highest common divisor of n and 36?
18
Let k = 341 - 332. Suppose k*c - 208 = 584. Calculate the highest common divisor of c and 968.
88
Suppose 3*k - 264 = -96. Suppose 937 = 48*v - 2135. What is the greatest common factor of k and v?
8
Suppose 8*o = 5*o + 3582. Let r be -9 - o/(-42) - 4/(-7). What is the greatest common factor of r and 50?
10
Suppose -284 = r - 481. Let x = r - 161. What is the greatest common divisor of 162 and x?
18
Let b be 2*6/4 + (-2 - 1). Let z be b/(-35) - (-12)/((-4)/(-2)). What is the greatest common divisor of z and 3?
3
Suppose -300 = -0*b + 2*b - 7*b. What is the greatest common factor of b and 9?
3
Let r(o) = o**3 - 2*o**2 - 8*o + 86. Let v be r(7). Let s(z) = z**3 - 14*z**2 + 5*z - 15. Let l be s(14). What is the greatest common factor of l and v?
55
Suppose 0 = 3*k + 3*f, k = -65*f + 61*f - 18. Calculate the greatest common divisor of 1352 and k.
2
Let p(r) = 18*r + 3280. Let b be p(-158). What is the greatest common divisor of b and 96?
4
Let i(x) = 91*x**2 + 53*x + 6. Let k be i(-2). What is the highest common divisor of k and 1782?
66
Let l be 235/25 + (-10)/25. Suppose 10*n - 8 = l*n. Calculate the greatest common factor of 40 and n.
8
Suppose 23 = 2*g + 31, 3*g = 5*k - 487. Let u(v) = 134*v**3 - 2*v**2 + 2*v - 1. Let h be u(1). Calculate the highest common factor of k and h.
19
Let p = -2321 - -4463. Calculate the greatest common factor of p and 98.
14
Suppose -r - 3*i + 1942 = 0, -10*r + 6*r + 7683 = -5*i. Calculate the greatest common factor of 235 and r.
47
Suppose -5*y + y = 3*o + 9, 0 = -3*o + 15. Let b be (-1)/3 - (121/(-3) - y). Let w = -22 + b. Calculate the highest common factor of 8 and w.
4
Let b = -210 - -243. Let d = -146 + 289. What is the highest common divisor of b and d?
11
Let b(a) = -2*a - 12. Let u be b(4). Let f be u + -1 - (-5 + 4). Let j = 24 + f. What is the highest common factor of 16 and j?
4
Let k = 10399 - 10386. Calculate the highest common divisor of 66 and k.
1
Suppose -56*f = 20*f - 33517 - 29791. Calculate the greatest common divisor of 196 and f.
49
Let n = 30 + -2. Let r be 82 - -1 - (546/(-390) - (-2)/5). Calculate the highest common divisor of r and n.
28
Suppose 5*x = 2*x + 2595. Suppose 0 = -y + f + 215, -5*y = -y - 3*f - x. What is the highest common divisor of y and 165?
55
Suppose -5508 - 55 - 991 = -29*i. Calculate the greatest common factor of i and 26.
2
Let y be (6/(-10))/((-762)/2540). Calculate the highest common divisor of 59 and y.
1
Let q = 12677 + -12166. What is the highest common factor of 119 and q?
7
Let y(z) be the second derivative of -z**5/20 + 19*z**4/12 + 19*z**3/2 - z**2 + 94*z - 1. Let k be y(-3). Calculate the greatest common factor of 300 and k.
25
Let j be (-1 - 4) + -3 - 14. Let g = 14 + 20. Let q = g + j. Calculate the greatest common divisor of 9 and q.
3
Suppose -8*r + 24 = -128. Let a(t) = -2*t**2 + 43*t - 5. Let n be a(r). Calculate the greatest common divisor of 18 and n.
18
Let x(y) = 44*y - 890. Let o be x(28). What is the greatest common factor of 2109 and o?
57
Let h be (40/(-140) + (-456)/(-126))*(-684)/(-5). What is the greatest common divisor of 15 and h?
3
Let s be (-10)/((2/6)/((-76)/57)). Suppose -s*x = -3137 - 783. What is the highest common factor of 182 and x?
14
Suppose -98*v = -93*v - 820. Let m = v + -138. Suppose 0 = 6*o - o - 1040. Calculate the greatest common factor of o and m.
26
Suppose 0 = 3*l - 3, -9 - 2 = -2*h + 3*l. Let d(a) = -234*a - 12751. Let j be d(-55). What is the highest common divisor of j and h?
7
Let a = 7199 + -2612. What is the greatest common factor of 99 and a?
33
Let o be (-15)/10 - (1 - 116/8). Let a(t) = -2*t**2 + 25*t + 13. Let r be a(o). Calculate the greatest common factor of r and 325.
25
Let c(a) = a**2 + 3*a - 2. Let k be c(5). Suppose -2*g + 128 = 5*d - 399, 3*d + 3 = 0. What is the greatest common divisor of g and k?
38
Let z = 24 - 24. Suppose 2 = -r, -r + 91 = 3*o - z*r. What is the highest common factor of 31 and o?
31
Let a = -9354 - -9515. Calculate the greatest common divisor of 49 and a.
7
Let g(c) = 2*c**2 + 7*c + 27. Let d be g(-12). What is the greatest common divisor of 363 and d?
33
Suppose -65 = -5*r + 2*d - 7*d, -3*r = -5*d - 63. Let b be 6/9*360/r. Calculate the highest common divisor of b and 10.
5
Let t(l) = 4*l + 78. Let y be t(-19). Suppose 0 = y*u + 2*u, 0 = 4*q - 3*u - 384. What is the greatest common divisor of q and 24?
24
Let w(g) = g**3 + 9*g**2 + 5*g + 6. Let a be (-26)/4 + 1/2. Let u be w(a). What is the highest common factor of 12 and u?
12
Let l = 121 + -109. Let r be (-2 - (0 - 15)) + (11 - l). Suppose -3*g - r + 120 = 0. Calculate the highest common factor of 9 and g.
9
Suppose 8 = -k + 3*k. Let r = 51112 + -51060. What is the greatest common divisor of r and k?
4
Let m = 770 + -14. Calculate the highest common factor of m and 1188.
108
Suppose 37 = 2*g - 11. Let p(d) = -160*d - 2328. Let j be p(-18). Calculate the highest common divisor of j and g.
24
Let l be (2 + 59*1/(-4))*4. Let h = l - -56. Suppose 5*y = -h*r + 460, -2*r - 116 = -3*r + 5*y. What is the greatest common factor of r and 12?
12
Suppose -3*j + 20 = 2*j. Suppose 0 = 4*s + 4*r - 44, j*r = -4*s + 8*r + 76. Let l = 362 + -357. Calculate the greatest common divisor of l and s.
5
Let o(b) = 34. Let h(c) = 2*c + 1. Let m(s) = 6*h(s) + o(s). Let p be m(-3). What is the highest common factor of 128 and p?
4
Let w be -5 - ((-1 + 7)/(-2) - -12). Let t = 68 + w. Calculate the highest common factor of 378 and t.
54
Suppose -19*m - 311 + 1223 = 0. Let y be 100/(-26) + 54/(-351) + 148. What is the highest common factor of m and y?
48
Let g(v) = v**2 + 3*v + 5. Let p be g(-4). Suppose 82176*u = 82223*u - 423. Calculate the highest common factor of p and u.
9
Let c be (1 + -2)/((-156)/(-158) - 1). Let s be (-6)/(-36) - (c/6 - 1). Let w be s/(-14) - (-4)/28. What is the highest common factor of w and 2?
1
Let h be (7/5)/(44/4180). Calculate the greatest common divisor of 6517 and h.
133
Let c(f) = f**3 - f**2 - 30*f - 4. Let z be c(6). Let n = -86 + 68. Let o be ((-44)/3 - z)*n/8. What is the highest common factor of 96 and o?
24
Let g = -5246 + 5278. Let x = 68 + 60. Calculate the highest common factor of x and g.
32
Suppose -587 = -4*r - 155. Let k be (150255/(-11925))/((-3)/(-90)*-1). What is the highest common divisor of r and k?
54
Let p be ((-855)/(-38))/(1/6). Let w = p - 127. What is the greatest common factor of 48 and w?
8
Let u be (8/(-9))/(10/(-45)). Suppose -u*l + 397 = 3*h, 2*h = 2*l - 174 - 28. Let t be 4 - (1 - (-6)/(-3)). What is the greatest common factor of l and t?
5
Let q(t) = -15*t - 40. Suppose 2*x + 30 = -3*x + g, 2*x = 5*g + 11. Let m be q(x). Calculate the highest common divisor of m and 65.
65
Let h be 16*((-17)/(1309/(-66)))/((-39)/(-91)). Let o be (-1 + 10/(-4))*-2. Let j be (o*5 - 2) + -1. Calculate the greatest common divisor of j and h.
32
Suppose 19*a - 90 = 10*a. Suppose z + b + 4 = 11, -a = -2*b. Let g be (-22)/(-11)*9/z. What is the greatest common factor of g and 1?
1
Let v(j) = 2*j**2 + 85*j - 2167. Let l be v(-83). What is the highest common divisor of 68 and l?
68
Let m(v) = 9*v**3 - 4*v**2 - v + 2. Let y be m(-1). Let j be (3/2)/((-2)/(-32)). Let k = j + y. What is the greatest common factor